{"id":18007,"date":"2023-05-26T09:11:01","date_gmt":"2023-05-26T00:11:01","guid":{"rendered":"https:\/\/growth-value.co.jp\/magazine\/?page_id=18007"},"modified":"2023-05-26T09:11:01","modified_gmt":"2023-05-26T00:11:01","slug":"syncno-5days-course-insta-20man","status":"publish","type":"page","link":"https:\/\/growth-value.co.jp\/magazine\/syncno-5days-course-insta-20man\/","title":{"rendered":"\u597d\u304d\u306a\u3053\u3068\u3067\u526f\u696d\u6708\u53ce5\u4e07\u5186\u304c\u76ee\u6307\u305b\u308b\uff01\u30a4\u30f3\u30b9\u30bf\u53ce\u76ca\u5316\u8b1b\u5ea7\uff08\u300c\u670820\u4e07 \u7a3c\u3050 \u4e3b\u5a66\u300d\u7528\uff09"},"content":{"rendered":"<h2><b>Instagram\u3067\u6708\u53ce5\u4e07\u5186\u304c\u6700\u77ed\u3067\u76ee\u6307\u305b\u308b\uff01\u8b1b\u5ea7\u3092\u4f5c\u308a\u307e\u3057\u305f<\/b><\/h2>\n<p>\u300c\u305f\u3063\u305f1,000\u30d5\u30a9\u30ed\u30ef\u30fc\u306e\u5927\u5b66\u751f\u3067\u3082\u3001\u6708\u306b20\u4e07\u5186\u306e\u53ce\u5165\u304c\u5f97\u3089\u308c\u305f\uff01\u300d<\/p>\n<p>\u300c\u5fd9\u3057\u3044\u4e3b\u5a66\u3067\u3082\u3001\u30a4\u30f3\u30b9\u30bf\u3067\u201d\u52b9\u7387\u7684\u306b\u67085\u4e07\u7a3c\u3050\u65b9\u6cd5\u201d\u304c\u7406\u89e3\u3067\u304d\u305f\uff01\u300d<\/p>\n<p><span style=\"font-size: 11pt;\"><b><span style=\"font-size: 12pt;\"><br \/>\n\u3053\u308c\u307e\u3067\u5408\u8a084,000\u540d\u306e\u65b9\u304c\u8b1b\u5ea7\u3092\u53d7\u8b1b\u3057\u3001\u7d50\u679c\u3092\u51fa\u3059\u65b9\u304c\u7d9a\u51fa\u3057\u3066\u3044\u307e\u3059\u3002<\/span><\/b><\/span><\/p>\n<p><span style=\"font-size: 12pt;\">\u516c\u5f0fLINE\u306b\u767b\u9332\u3059\u308b\u3060\u3051\u3067\u3001\u30b9\u30b0\u306b\u7121\u6599\u53d7\u8b1b\u304c\u914d\u4fe1\u3055\u308c\u308b\u306e\u3067\u3001\u65e9\u901f\u300c\u30a4\u30f3\u30b9\u30bf\u53ce\u76ca\u5316\u306e\u30b3\u30c4\u300d\u3092\u5b66\u3093\u3067\u307f\u3066\u304f\u3060\u3055\u3044\uff01<\/span><\/p>\n<p>&nbsp;<\/p>\n<img decoding=\"async\" class=\"alignnone size-full wp-image-10706\" src=\"https:\/\/growth-value.co.jp\/magazine\/wp-content\/uploads\/2022\/09\/Canva\u3066\u3099\u7de8\u96c6\u6e08\u306e\u753b\u50cf-600-\u00d7-400-px-600-\u00d7-296-px-600-\u00d7-250-px-17.png\" alt=\"5\u65e5\u9593\u8b1b\u5ea7_\u53d7\u3051\u53d6\u308a\u65b9\" width=\"1500\" height=\"625\" srcset=\"https:\/\/growth-value.co.jp\/magazine\/wp-content\/uploads\/2022\/09\/Canva\u3066\u3099\u7de8\u96c6\u6e08\u306e\u753b\u50cf-600-\u00d7-400-px-600-\u00d7-296-px-600-\u00d7-250-px-17.png 1500w, https:\/\/growth-value.co.jp\/magazine\/wp-content\/uploads\/2022\/09\/Canva\u3066\u3099\u7de8\u96c6\u6e08\u306e\u753b\u50cf-600-\u00d7-400-px-600-\u00d7-296-px-600-\u00d7-250-px-17-300x125.png 300w, https:\/\/growth-value.co.jp\/magazine\/wp-content\/uploads\/2022\/09\/Canva\u3066\u3099\u7de8\u96c6\u6e08\u306e\u753b\u50cf-600-\u00d7-400-px-600-\u00d7-296-px-600-\u00d7-250-px-17-728x303.png 728w, https:\/\/growth-value.co.jp\/magazine\/wp-content\/uploads\/2022\/09\/Canva\u3066\u3099\u7de8\u96c6\u6e08\u306e\u753b\u50cf-600-\u00d7-400-px-600-\u00d7-296-px-600-\u00d7-250-px-17-768x320.png 768w, https:\/\/growth-value.co.jp\/magazine\/wp-content\/uploads\/2022\/09\/Canva\u3066\u3099\u7de8\u96c6\u6e08\u306e\u753b\u50cf-600-\u00d7-400-px-600-\u00d7-296-px-600-\u00d7-250-px-17-485x202.png 485w\" sizes=\"(max-width: 1500px) 100vw, 1500px\" \/>\n<p style=\"text-align: center;\"><span style=\"font-weight: 400;\"><div class=\"wp-block-button btn-wrap aligncenter lightning big bg is-style-rich_orange\"><\/span><\/p>\n<p style=\"text-align: center;\"><strong>\u307e\u305a\u306f\u6708\u53ce5\u4e07\u3092<br \/>\n\uff3c\u6700\u77ed\u3067\u9054\u6210\u3059\u308b\uff0f<\/strong><strong><br \/>\n<\/strong><strong><a href=\"https:\/\/liff.line.me\/1655216715-NBoEr7LJ\/landing?follow=%40kcs4330n&amp;lp=rSoTqC&amp;liff_id=1655216715-NBoEr7LJ\"class=\"wp-block-button__link\" >\u300e\u30a4\u30f3\u30b9\u30bf\u53ce\u76ca\u5316\u8b1b\u5ea7\u300f\u3092<br \/>\n\u4eca\u3059\u3050\u53d7\u3051\u53d6\u308b<span style=\"font-size: 10pt;\">\uff08\u7c21\u53585\u79d2\uff09<\/span><\/a><br \/>\n<span style=\"font-size: 10pt; color: #008000;\"><span style=\"color: #cc0000;\">\u203b\u7121\u6599\u3067 LINE\u304b\u3089\u304a\u53d7\u3051\u53d6\u308a\u3067\u304d\u307e\u3059<\/span><\/span><\/strong><\/p>\n<p style=\"text-align: center;\"><span style=\"font-weight: 400;\"><\/div><\/span><\/p>\n\n<p>&nbsp;<\/p>\n<h2>\u306a\u305c\u300c\u30a4\u30f3\u30b9\u30bf\u53ce\u76ca\u5316\u8b1b\u5ea7\u300d\u3067\u306f\u3001\u8ab0\u3082\u304c\u6708\u53ce5\u4e07\u5186\u3092\u76ee\u6307\u305b\u308b\u306e\uff1f<\/h2>\n<p>\u4eca\u56de\u3054\u6848\u5185\u3057\u3066\u3044\u308b\u300e\u30a4\u30f3\u30b9\u30bf\u53ce\u76ca\u5316\u8b1b\u5ea7\u300f\u306f\u3001<b>\u3053\u308c\u307e\u30674,000\u540d\u4ee5\u4e0a\u306e\u65b9\u304c\u53d7\u8b1b\u3055\u308c\u3066\u304d\u307e\u3057\u305f\u3002<\/b><\/p>\n<p><span style=\"text-decoration: underline;\">9\u5272\u4ee5\u4e0a\u306e\u65b9\u304cWeb\u3067\u7a3c\u3044\u3060\u7d4c\u9a13\u304c\u306a\u304f\u3001\u5b66\u751f\u3084\u4e3b\u5a66\u306e\u65b9\u3082\u975e\u5e38\u306b\u591a\u3044\u3067\u3059\u3002<\/span><\/p>\n<p><strong>\u300c\u81ea\u5206\u304c\u30a4\u30f3\u30b9\u30bf\u3067\u7a3c\u3052\u308b\u30a4\u30e1\u30fc\u30b8\u304c\u3064\u304b\u306a\u3044\u2026\u300d<br \/>\n\u300c\u6700\u7d42\u7684\u306b\u3069\u308c\u304f\u3089\u3044\u7a3c\u3052\u308b\u306e\u304b\u306a&#8230;.\u300d<\/strong><strong><br \/>\n\u300cSNS\u3067\u7a3c\u3052\u308b\u4eba\u3063\u3066\u307b\u3093\u306e\u4e00\u90e8\u3067\u3057\u3087\uff1f\u300d<\/strong><\/p>\n<p>\u6700\u521d\u306f\u3001\u307f\u306a\u7591\u554f\u3084\u4e0d\u5b89\u3092\u62b1\u3048\u3066\u3044\u307e\u3059\u3002<\/p>\n<p>\u3057\u304b\u3057<strong><a href=\"https:\/\/liff.line.me\/1655216715-NBoEr7LJ\/landing?follow=%40kcs4330n&amp;lp=rSoTqC&amp;liff_id=1655216715-NBoEr7LJ\">\u300e\u30a4\u30f3\u30b9\u30bf\u53ce\u76ca\u5316\u8b1b\u5ea7\u300f<\/a><\/strong>\u3092\u53d7\u3051\u305f\u591a\u304f\u306e\u65b9\u304b\u3089\u3001<\/p>\n<p><strong><span style=\"color: #cc0000;\">\u300c\u6bce\u65e5\u3001\u30a4\u30f3\u30b9\u30bf\u304b\u3089\u53ce\u76ca\u304c\u5f97\u3089\u308c\u308b\u3088\u3046\u306b\u306a\u308a\u307e\u3057\u305f\uff01\u300d<\/span><\/strong>\u3068\u3001\u60f3\u50cf\u4ee5\u4e0a\u306e\u53cd\u97ff\u304c\u751f\u307e\u308c\u3066\u3044\u307e\u3059\u3002<\/p>\n<p>&nbsp;<\/p>\n<h3>\u300e\u30a4\u30f3\u30b9\u30bf\u53ce\u76ca\u5316\u8b1b\u5ea7\u300f\u3067\u3001\u8ab0\u3082\u304c\u6708\u53ce5\u4e07\u5186\u3092\u76ee\u6307\u305b\u308b\u7406\u7531<\/h3>\n<p>\u4eca\u56de\u3054\u63d0\u4f9b\u3059\u308b5\u65e5\u9593\u8b1b\u5ea7\u306f\u3001<strong><span style=\"font-size: 1.1em;\"><span style=\"background-color: #ede8e8; padding: 3px;\">\u30bb\u30f3\u30b9\u3084\u30b9\u30ad\u30eb\u306b\u983c\u3063\u305f\u65b9\u6cd5\u3067\u306f\u3042\u308a\u307e\u305b\u3093\u3002<\/span><\/span><\/strong><\/p>\n<p>\u30d7\u30ed\u7d1a\u306e\u5199\u771f\u3084\u3001\u30e2\u30c7\u30eb\u306e\u3088\u3046\u306a\u30eb\u30c3\u30af\u30b9\u3001\u77e5\u540d\u5ea6\u3082\u4e0d\u8981\u3067\u3059\u3002<\/p>\n<p>\u5168\u304f\u306e\u30bc\u30ed\u304b\u3089\u30a4\u30f3\u30b9\u30bf\u526f\u696d\u3092\u59cb\u3081\u3001<strong><span style=\"color: #cc0000;\">\u300c\u8ab0\u304c\u4f55\u5ea6\u3084\u3063\u3066\u3082\u53ce\u76ca\u5316\u3067\u304d\u305f\u7d4c\u9a13\u300d\u3092\u3082\u3068\u306b\u4f5c\u3089\u308c\u3066\u3044\u307e\u3059\u3002<\/span><\/strong><\/p>\n<p>\u3064\u307e\u308a\u3001<span style=\"text-decoration: underline;\"><strong>\u518d\u73fe\u6027<\/strong><\/span>\u306b\u3053\u3060\u308f\u3063\u3066\u3044\u307e\u3059\u3002<\/p>\n<p>\u307e\u305f\u3001\u305d\u3082\u305d\u3082<strong><span style=\"background-color: #ede8e8; padding: 3px;\">\u300c\u4f55\u3092\u767a\u4fe1\u3059\u308c\u3070\u3044\u3044\u304b\u308f\u304b\u3089\u306a\u3044..\u300d<\/span><\/strong>\u3068\u3044\u3046\u65b9\u306b\u306f\u3001<\/p>\n<p><span style=\"color: #008000;\"><strong>LINE\u3067\u300c<\/strong><\/span><span style=\"color: #008000;\"><strong><a href=\"https:\/\/growth-value.co.jp\/magazine\/free-support\/?cid=optinpage-sns\">\u7121\u6599\u500b\u5225\u30b5\u30dd\u30fc\u30c8<\/a>\u300d\u3092\u3057\u3066\u304a\u308a\u307e\u3059\uff01<\/strong><\/span><\/p>\n<div class=\"voice cf l\"><figure class=\"icon\"><img src=\"https:\/\/growth-value.co.jp\/magazine\/wp-content\/uploads\/2021\/07\/chatwork-1.jpg\" class=\"voice_icon__img\" width=\"150\" height=\"150\"><figcaption class=\"name\">\u30bf\u30c6\u30a4\u30b7\u30ea\u30e7\u30a6<\/figcaption><\/figure><div class=\"voicecomment\">\u3053\u308c\u307e\u3067\u3001\u4f55\u5343\u4eba\u3068Web\u526f\u696d\u306e\u76f8\u8ac7\u306b\u4e57\u3063\u3066\u304d\u305f\u79c1\u304c\u3001<\/p>\n<p><strong>\u3042\u306a\u305f\u306e\u76f8\u8ac7\u306b\u5bc4\u308a\u6dfb\u3044\u307e\u3059\u3088\uff01<\/strong><\/p>\n<p>\u767a\u4fe1\u30b8\u30e3\u30f3\u30eb\u306e\u9078\u3073\u65b9\u3084\u3001\u6295\u7a3f\u306e\u65b9\u6cd5\u3092\u30a2\u30c9\u30d0\u30a4\u30b9\u3057\u307e\u3059\uff01<\/div><\/div>\n<p>&nbsp;<\/p>\n<h3>\u5927\u91cf\u306e\u300c\u30d5\u30a9\u30ed\u30ef\u30fc\u6570\u300d\u306f\u4e0d\u8981\u3067\u3059<\/h3>\n<p>\u4eca\u56de\u306e5\u65e5\u9593\u8b1b\u5ea7\u306b\u95a2\u3057\u3066\u3001\u3088\u304f\u3054\u8cea\u554f\u3092\u53d7\u3051\u308b\u306e\u304c\u3001<\/p>\n<p><strong>\u300c\u305f\u304f\u3055\u3093\u30d5\u30a9\u30ed\u30ef\u30fc\u3092\u96c6\u3081\u306a\u3044\u3068\u3044\u3051\u307e\u305b\u3093\u3088\u306d\uff1f\u300d<\/strong><\/p>\n<p>\u3068\u3044\u3046\u3054\u8cea\u554f\u3067\u3059\u3002<\/p>\n<p>\u306a\u305c\u306a\u3089\u3001Instagram\u3067\u7a3c\u3050\u306b\u306f\u3001\u5927\u91cf\u306e\u30d5\u30a9\u30ed\u30ef\u30fc\u304c\u5fc5\u8981\u3068\u3044\u3046\u306e\u304c\u4e00\u822c\u5e38\u8b58\u3068\u306a\u3063\u3066\u3044\u307e\u3059\u304b\u3089\u3002<\/p>\n<p>\u3057\u304b\u3057<span style=\"color: #333333;\">\u3001<strong>\u79c1\u305f\u3061\u306f\u5168\u304f\u9006\u306e\u8003\u3048\u65b9\u3067\u3059\u3002<\/strong><\/span><\/p>\n<p>\u3064\u307e\u308a\u3001<strong><span style=\"background-color: #ede8e8; padding: 3px;\"><span style=\"font-size: 1.1em;\">\u300c\u5c11\u306a\u3044\u30d5\u30a9\u30ed\u30ef\u30fc\u6570\u3067\u3082\u53ce\u76ca\u5316\u3067\u304d\u308b\u300d\u3068\u8003\u3048\u3066\u3044\u307e\u3059\u3002<\/span><\/span><\/strong><\/p>\n<p>\u3080\u3057\u308d\u3001<strong><span style=\"color: #cc0000;\">\u5c11\u306a\u3044\u30d5\u30a9\u30ed\u30ef\u30fc\u6570\u3067\u306e\u53ce\u76ca\u5316\u3092\u76ee\u6307\u3057\u305f\u65b9\u304c\u3001\u201d\u52b9\u7387\u3088\u304f\u6700\u77ed\u3067\u53ce\u76ca\u5316\u201d\u304c\u3067\u304d\u307e\u3059\u3057\u3001\u521d\u5fc3\u8005\u306e\u65b9\u306f\u53d6\u308a\u7d44\u307f\u3084\u3059\u3044\u3093\u3067\u3059\u306d\u3002<\/span><\/strong><\/p>\n<p>\u4f8b\u3048\u3070\u3001<span style=\"text-decoration: underline;\">1,000\u30d5\u30a9\u30ed\u30ef\u30fc\u672a\u6e80\u3067\u3082\u67085\u4e07\u5186\u306e\u53ce\u76ca\u5316\u306f\u5341\u5206\u76ee\u6307\u305b\u307e\u3059\u3057\u3001<\/span>\u521d\u5fc3\u8005\u306e\u65b9\u3067\u3082\u3001\u6210\u529f\u78ba\u7387\u304c\u9ad8\u3044\u3067\u3059\u3002<\/p>\n<p>\u3053\u306e\u3088\u3046\u306b<\/p>\n<p>\u300c\u5c11\u306a\u3044\u30d5\u30a9\u30ed\u30ef\u30fc\u6570\u3067\u3082\u53ce\u76ca\u5316\u53ef\u80fd\u300d<\/p>\n<p>\u300c\u521d\u5fc3\u8005\u3067\u3082\u518d\u73fe\u6027\u9ad8\u304f\u7a3c\u3052\u308b\u300d\u3068\u3044\u3046\u7279\u5fb4\u304c\u3042\u308b\u306e\u3067\u3001<\/p>\n<p><strong><a href=\"https:\/\/liff.line.me\/1655216715-NBoEr7LJ\/landing?follow=%40kcs4330n&amp;lp=rSoTqC&amp;liff_id=1655216715-NBoEr7LJ\">\u300e\u30a4\u30f3\u30b9\u30bf\u53ce\u76ca\u5316\u8b1b\u5ea7\u300f<\/a><\/strong>\u306f\u6e80\u8db3\u5ea6\u306e\u9ad8\u3044\u8b1b\u5ea7\u306b\u306a\u3063\u3066\u3044\u307e\u3059\u3002<\/p>\n<p style=\"text-align: center;\"><span style=\"font-weight: 400;\"><div class=\"wp-block-button btn-wrap aligncenter lightning big bg is-style-rich_orange\"><\/span><\/p>\n<p style=\"text-align: center;\"><strong>\uff3c\u6700\u77ed\u3067\u6708\u53ce5\u4e07\u3092\u9054\u6210\u3059\u308b\uff0f<\/strong><strong><br \/>\n<\/strong><strong><a href=\"https:\/\/liff.line.me\/1655216715-NBoEr7LJ\/landing?follow=%40kcs4330n&amp;lp=rSoTqC&amp;liff_id=1655216715-NBoEr7LJ\"class=\"wp-block-button__link\" >\u300e\u30a4\u30f3\u30b9\u30bf\u53ce\u76ca\u5316\u8b1b\u5ea7\u300f\u3092<br \/>\n\u4eca\u3059\u3050\u53d7\u3051\u53d6\u308b<span style=\"font-size: 10pt;\">\uff08\u7c21\u53585\u79d2\uff09<\/span><\/a><br \/>\n<span style=\"font-size: 10pt; color: #008000;\"><span style=\"color: #cc0000;\">\u203b\u7121\u6599\u3067 LINE\u304b\u3089\u304a\u53d7\u3051\u53d6\u308a\u3067\u304d\u307e\u3059<\/span><\/span><\/strong><\/p>\n<p style=\"text-align: center;\"><span style=\"font-weight: 400;\"><\/div><\/span><\/p>\n\n<p>&nbsp;<\/p>\n<h2>\u30a4\u30f3\u30b9\u30bf\u53ce\u76ca\u5316\u8b1b\u5ea7\u3067\u6708\u53ce5\u4e07\u5186\u4ee5\u4e0a\u306f\u76ee\u6307\u305b\u306a\u3044\u306e\uff1f<\/h2>\n<p>\u307e\u305f\u3001\u4eca\u56de\u306e\u8b1b\u5ea7\u306f\u3001<strong><span style=\"background-color: #ede8e8; padding: 3px;\"><span style=\"font-size: 1.1em;\">\u6708\u53ce5\u4e07\u5186\u3092\u9054\u6210\u3057\u3066\u7d42\u308f\u308a\u3068\u3044\u3046\u8b1b\u5ea7\u3067\u306f\u3042\u308a\u307e\u305b\u3093\u3002<\/span><\/span><\/strong><\/p>\n<p>\u307e\u305a\u306f\u3001\u7121\u6599\u8b1b\u5ea7\u306e\u4e2d\u3067\u306f\u3001\u6708\u53ce5\u4e07\u5186\u3092\u76ee\u6307\u3057\u3001\u7a3c\u3050\u904e\u7a0b\u3067\u3001\u30a4\u30f3\u30b9\u30bf\u904b\u7528\u306e\u30b3\u30c4\u3092\u3064\u304b\u3093\u3067\u3082\u3089\u3044\u307e\u3059\u3002<\/p>\n<p>\u305d\u3057\u3066\u3001\u660e\u78ba\u306b\u30a4\u30f3\u30b9\u30bf\u3067\u53ce\u76ca\u5316\u3059\u308b\u30b3\u30c4\u3092\u63b4\u3093\u3060\u3042\u3068\u306f\u3001<strong><span style=\"background-color: #ede8e8; padding: 3px;\"><span style=\"font-size: 1.1em;\">\u540c\u3058\u3053\u3068\u306e\u7e70\u308a\u8fd4\u3057<\/span><\/span><\/strong>\u3067\u53ce\u76ca\u3092\u4f38\u3070\u305b\u307e\u3059\u3002<\/p>\n<p><strong>\u6708\u53ce5\u4e07\u5186\u306e\u6b21\u306f\u3001<strong><span style=\"color: #cc0000;\">\u540c\u3058\u3053\u3068\u306e\u7e70\u308a\u8fd4\u3057<\/span><\/strong>\u3067\u6708\u53ce10\u4e07\u5186\u3082\u76ee\u6307\u305b\u307e\u3059\u3057\u3001<\/strong><\/p>\n<p><strong>\u6708\u53ce15\u4e07<strong><span style=\"color: #cc0000;\">\u2192\u6708\u53ce20\u4e07\u3068\u76ee\u6307\u3059\u3053\u3068\u304c\u53ef\u80fd\u3067\u3059\u3002<\/span><\/strong><\/strong><\/p>\n<p>\u300c\u305f\u307e\u305f\u307e\u7a3c\u3052\u305f\u300d\u3067\u306f\u306a\u304f\u3001\u300c\u3053\u3046\u3059\u308c\u3070\u7a3c\u3052\u308b\u300d\u3068\u3044\u3046\u3001\u518d\u73fe\u6027\u306e\u9ad8\u3044\u30ce\u30a6\u30cf\u30a6\u3092\u5b66\u3076\u3053\u3068\u304c\u53ef\u80fd\u3067\u3059\u3002<\/p>\n<p style=\"text-align: center;\"><span style=\"font-weight: 400;\"><div class=\"wp-block-button btn-wrap aligncenter lightning big bg is-style-rich_orange\"><\/span><\/p>\n<p style=\"text-align: center;\"><strong>\uff3c\u307e\u305a\u306f\u6708\u53ce5\u4e07\u3092\u9054\u6210\u3059\u308b\uff0f<\/strong><strong><br \/>\n<\/strong><strong><a href=\"https:\/\/liff.line.me\/1655216715-NBoEr7LJ\/landing?follow=%40kcs4330n&amp;lp=rSoTqC&amp;liff_id=1655216715-NBoEr7LJ\"class=\"wp-block-button__link\" >\u300e\u30a4\u30f3\u30b9\u30bf\u53ce\u76ca\u5316\u8b1b\u5ea7\u300f\u3092<br \/>\n\u4eca\u3059\u3050\u53d7\u3051\u53d6\u308b<span style=\"font-size: 10pt;\">\uff08\u7c21\u53585\u79d2\uff09<\/span><\/a><br \/>\n<span style=\"font-size: 10pt; color: #008000;\"><span style=\"color: #cc0000;\">\u203b\u7121\u6599\u3067 LINE\u304b\u3089\u304a\u53d7\u3051\u53d6\u308a\u3067\u304d\u307e\u3059<\/span><\/span><\/strong><\/p>\n<p style=\"text-align: center;\"><span style=\"font-weight: 400;\"><\/div><\/span><\/p>\n\n<p>&nbsp;<\/p>\n<h2>\u3010\u6700\u5f8c\u306b\u3011\u6708\u53ce5\u4e07\u3092\u6700\u77ed\u3067\u7a3c\u3050\u300c\u30a4\u30f3\u30b9\u30bf\u53ce\u76ca\u5316\u8b1b\u5ea7\u300d\u306e\u5185\u8a33<\/h2>\n<div class=\"cbox intitle is-style-black_box type_ttl\"><div class=\"box_title\"><span class=\"span__box_title\">\u30a4\u30f3\u30b9\u30bf\u53ce\u76ca\u5316\u8b1b\u5ea7\u3092\u53d7\u8b1b\u3059\u308b\u3068 <\/span><\/div><div class=\"cboxcomment\">\n<ul>\n<li style=\"font-weight: 400;\" aria-level=\"1\"><b>\u30d5\u30a9\u30ed\u30ef\u30fc0\u4eba\u21921,000\u4eba\u9054\u6210\u3067\u3084\u308b\u3079\u304d\u3053\u3068\u304c\u660e\u78ba\u306b\u306a\u308b<\/b><\/li>\n<li aria-level=\"1\"><strong>\u81ea\u5206\u306b\u30d4\u30c3\u30bf\u30ea\u306e\u201d\u7a3c\u3052\u308b\u201d\u767a\u4fe1\u30b8\u30e3\u30f3\u30eb\u304c\u9078\u3079\u308b<\/strong><\/li>\n<li aria-level=\"1\"><strong>\u6295\u7a3f\u306e\u30b3\u30f3\u30bb\u30d7\u30c8\u304c\u660e\u78ba\u306b\u306a\u308b<\/strong><\/li>\n<li aria-level=\"1\"><strong>\u30a4\u30f3\u30b9\u30bf\u3067\u304a\u91d1\u3092\u7a3c\u30505\u3064\u306e\u65b9\u6cd5\u3092\u77e5\u308c\u308b<\/strong><\/li>\n<li aria-level=\"1\"><strong>\u5c11\u306a\u3044\u30d5\u30a9\u30ed\u30ef\u30fc\u6570\u3067\u3082\u3001\u6708\u53ce5\u4e07\u5186\u3092\u52b9\u7387\u7684\u306b\u7a3c\u3052\u308b\u3088\u3046\u306b\u306a\u308b<\/strong><\/li>\n<li><span style=\"text-decoration: underline;\"><strong>\u2606\u300c\u81ea\u5206\u306b\u5408\u3063\u305f\u767a\u4fe1\u5185\u5bb9\u300d\u300c\u81ea\u5206\u306b\u5408\u3063\u305f\u5546\u54c1\u300d\u3092\u76f4\u63a5\u30d7\u30ed\u306b\u76f8\u8ac7\u653e\u984c\uff01\u00a0<\/strong><\/span><\/li>\n<\/ul>\n<\/div><\/div>\n<p><span style=\"font-size: 1.1em;\"><strong><br \/>\n\u203b \u5b9f\u969b\u3001\u3053\u306e\u7121\u6599\u8b1b\u7fa9\u3092\u53d7\u3051\u305f\u591a\u304f\u306e\u65b9\u304c\u300c\u30a4\u30f3\u30b9\u30bf\u3067\u6708\u53ce5\u4e07\u5186\u8d85\u300d\u3092\u9054\u6210\u3057\u3066\u3044\u307e\u3059\u3002<\/strong><\/span><\/p>\n<img decoding=\"async\" class=\"alignnone size-full wp-image-10706\" src=\"https:\/\/growth-value.co.jp\/magazine\/wp-content\/uploads\/2022\/09\/Canva\u3066\u3099\u7de8\u96c6\u6e08\u306e\u753b\u50cf-600-\u00d7-400-px-600-\u00d7-296-px-600-\u00d7-250-px-17.png\" alt=\"5\u65e5\u9593\u8b1b\u5ea7_\u53d7\u3051\u53d6\u308a\u65b9\" width=\"1500\" height=\"625\" srcset=\"https:\/\/growth-value.co.jp\/magazine\/wp-content\/uploads\/2022\/09\/Canva\u3066\u3099\u7de8\u96c6\u6e08\u306e\u753b\u50cf-600-\u00d7-400-px-600-\u00d7-296-px-600-\u00d7-250-px-17.png 1500w, https:\/\/growth-value.co.jp\/magazine\/wp-content\/uploads\/2022\/09\/Canva\u3066\u3099\u7de8\u96c6\u6e08\u306e\u753b\u50cf-600-\u00d7-400-px-600-\u00d7-296-px-600-\u00d7-250-px-17-300x125.png 300w, https:\/\/growth-value.co.jp\/magazine\/wp-content\/uploads\/2022\/09\/Canva\u3066\u3099\u7de8\u96c6\u6e08\u306e\u753b\u50cf-600-\u00d7-400-px-600-\u00d7-296-px-600-\u00d7-250-px-17-728x303.png 728w, https:\/\/growth-value.co.jp\/magazine\/wp-content\/uploads\/2022\/09\/Canva\u3066\u3099\u7de8\u96c6\u6e08\u306e\u753b\u50cf-600-\u00d7-400-px-600-\u00d7-296-px-600-\u00d7-250-px-17-768x320.png 768w, https:\/\/growth-value.co.jp\/magazine\/wp-content\/uploads\/2022\/09\/Canva\u3066\u3099\u7de8\u96c6\u6e08\u306e\u753b\u50cf-600-\u00d7-400-px-600-\u00d7-296-px-600-\u00d7-250-px-17-485x202.png 485w\" sizes=\"(max-width: 1500px) 100vw, 1500px\" \/>\n<p style=\"text-align: center;\"><span style=\"font-weight: 400;\"><div class=\"wp-block-button btn-wrap aligncenter lightning big bg is-style-rich_orange\"><\/span><\/p>\n<p style=\"text-align: center;\"><strong>\uff3c\u6700\u77ed\u3067\u6708\u53ce5\u4e07\u3092\u9054\u6210\u3059\u308b\uff0f<\/strong><strong><br \/>\n<\/strong><strong><a href=\"https:\/\/liff.line.me\/1655216715-NBoEr7LJ\/landing?follow=%40kcs4330n&amp;lp=rSoTqC&amp;liff_id=1655216715-NBoEr7LJ\"class=\"wp-block-button__link\" >\u300e\u30a4\u30f3\u30b9\u30bf\u53ce\u76ca\u5316\u8b1b\u5ea7\u300f\u3092<br \/>\n\u4eca\u3059\u3050\u53d7\u3051\u53d6\u308b<span style=\"font-size: 10pt;\">\uff08\u7c21\u53585\u79d2\uff09<\/span><\/a><br \/>\n<span style=\"font-size: 10pt; color: #008000;\"><span style=\"color: #cc0000;\">\u203b\u7121\u6599\u3067 LINE\u304b\u3089\u304a\u53d7\u3051\u53d6\u308a\u3067\u304d\u307e\u3059<\/span><\/span><\/strong><\/p>\n<p style=\"text-align: center;\"><span style=\"font-weight: 400;\"><\/div><\/span><\/p>\n\n<p><span style=\"font-size: 11pt;\"><strong><span style=\"color: #cc0000; text-decoration: underline;\">&#x26a0;&#xfe0f;\u4e88\u544a\u306a\u304f\u7d42\u4e86\u3059\u308b\u5834\u5408\u304c\u3054\u3056\u3044\u307e\u3059\u306e\u3067\u3001\u53d7\u3051\u53d6\u308a\u306f\u304a\u6025\u304e\u304f\u3060\u3055\u3044\u3002<\/span><\/strong><\/span><\/p>\n","protected":false},"excerpt":{"rendered":"<p>Instagram\u3067\u6708\u53ce5\u4e07\u5186\u304c\u6700\u77ed\u3067\u76ee\u6307\u305b\u308b\uff01\u8b1b\u5ea7\u3092\u4f5c\u308a\u307e\u3057\u305f \u300c\u305f\u3063\u305f1,000\u30d5\u30a9\u30ed\u30ef\u30fc\u306e\u5927\u5b66\u751f\u3067\u3082\u3001\u6708\u306b20\u4e07\u5186\u306e\u53ce\u5165\u304c\u5f97\u3089\u308c\u305f\uff01\u300d \u300c\u5fd9\u3057\u3044\u4e3b\u5a66\u3067\u3082\u3001\u30a4\u30f3\u30b9\u30bf\u3067\u201d\u52b9\u7387\u7684\u306b\u67085\u4e07\u7a3c\u3050\u65b9\u6cd5\u201d\u304c\u7406\u89e3\u3067\u304d\u305f\uff01\u300d \u3053\u308c\u307e&#8230;<\/p>\n","protected":false},"author":2,"featured_media":17517,"parent":0,"menu_order":0,"comment_status":"closed","ping_status":"closed","template":"page-lp.php","meta":{"_monsterinsights_skip_tracking":false,"_monsterinsights_sitenote_active":false,"_monsterinsights_sitenote_note":"","_monsterinsights_sitenote_category":0},"tags":[],"aioseo_notices":[],"jetpack_sharing_enabled":true,"_links":{"self":[{"href":"https:\/\/growth-value.co.jp\/magazine\/wp-json\/wp\/v2\/pages\/18007"}],"collection":[{"href":"https:\/\/growth-value.co.jp\/magazine\/wp-json\/wp\/v2\/pages"}],"about":[{"href":"https:\/\/growth-value.co.jp\/magazine\/wp-json\/wp\/v2\/types\/page"}],"author":[{"embeddable":true,"href":"https:\/\/growth-value.co.jp\/magazine\/wp-json\/wp\/v2\/users\/2"}],"replies":[{"embeddable":true,"href":"https:\/\/growth-value.co.jp\/magazine\/wp-json\/wp\/v2\/comments?post=18007"}],"version-history":[{"count":0,"href":"https:\/\/growth-value.co.jp\/magazine\/wp-json\/wp\/v2\/pages\/18007\/revisions"}],"wp:featuredmedia":[{"embeddable":true,"href":"https:\/\/growth-value.co.jp\/magazine\/wp-json\/wp\/v2\/media\/17517"}],"wp:attachment":[{"href":"https:\/\/growth-value.co.jp\/magazine\/wp-json\/wp\/v2\/media?parent=18007"}],"wp:term":[{"taxonomy":"post_tag","embeddable":true,"href":"https:\/\/growth-value.co.jp\/magazine\/wp-json\/wp\/v2\/tags?post=18007"}],"curies":[{"name":"wp","href":"https:\/\/api.w.org\/{rel}","templated":true}]}}